 is the units digit of y(-1)?
5
Let n = 20 - 16. Let d be 141/27 + n/(-18)*1. Suppose -3*g - d*t + 262 = 0, t - 478 = -5*g + 3*t. What is the tens digit of g?
9
Let t = 279 + -216. Let s = 572 - t. What is the tens digit of s?
0
Suppose 17*u + 29*u + 108*u = 687456. What is the thousands digit of u?
4
Let a = -10 - -5. Let t = -2 - a. Suppose 4*z - 260 = -4*y, -2*z = -3*z - t*y + 75. What is the units digit of z?
0
Suppose 4756*u = 4823*u - 462166. What is the hundreds digit of u?
8
Let n be ((-2)/(-8))/((-13)/(-260)). Suppose b + 4 = s, 4*b - 2*b + n*s + 36 = 0. What is the units digit of ((-36)/b)/((-27)/(-1494))?
9
Let i = 2736 + -325. Let z = -1698 + i. What is the units digit of z?
3
What is the thousands digit of 75/10*(0 + -8)/(240/(-120168))?
0
Let b(v) be the third derivative of 23*v**4/12 + 5*v**3/2 - v**2 + 138*v. What is the hundreds digit of b(3)?
1
Suppose 70*c - 68*c - 228 = -3*k, 6*c - 612 = 3*k. What is the units digit of c?
5
Suppose 0 = -4*d - 0*t - 5*t - 469, 5*d + 535 = 4*t. Let p = d + 423. What is the hundreds digit of p?
3
Let m = -21106 + 53719. What is the units digit of m?
3
Let o = -64 - -68. Suppose 0*k - 5*w - 1019 = -o*k, -3*w - 762 = -3*k. What is the units digit of k?
1
Suppose -348*t - 253*t = -122*t - 15968902. What is the ten thousands digit of t?
3
Suppose -o = -2*o - 5*i - 1, 5*i - 43 = 3*o. Let r = o - -13. What is the units digit of 8976/39 - r/13?
0
Suppose 3*k - 3*a + 12 = 0, -4*k + 4*a - 8 = 2*a. Suppose 8*h - 5 - 43 = k. Suppose -504 = -0*v - h*v. What is the tens digit of v?
8
Suppose 0 = -32*c + 10577 + 9775. Let p = c + -498. What is the tens digit of p?
3
Suppose h + 23 = 5*l, -4 = -3*l - 3*h - 1. Suppose 3*m = -5*c - 499, -5*c + 3*m = -l*c + 107. Let p = 160 - c. What is the units digit of p?
1
Let u(t) = 11*t**3 - 12*t**2 + 22*t - 44. What is the tens digit of u(9)?
0
Suppose 0*p + 3*p - 3*o - 3 = 0, -4*p - 5 = 5*o. Let b be 4 - -1 - (-1)/(p + -1). What is the tens digit of ((-18)/b)/(12/(-176))?
6
Let a(k) = k**2 + 26*k + 86. Let b be a(-24). What is the units digit of (b/(-2))/(10/(-170)*1)?
3
Suppose 3*q + 756 = v + 20933, -11*q + 2*v + 73979 = 0. What is the thousands digit of q?
6
Suppose p = -p - 4*t - 14, -4*p + 5*t = -37. Suppose 0*v = 5*v + p*b + 95, -3*v + 2*b - 76 = 0. Let x = v + 72. What is the units digit of x?
0
Suppose -24*y + 51621 = 51*y - 490554. What is the hundreds digit of y?
2
Suppose -3*g - 5*r - 179 + 46 = 0, -118 = 2*g - 4*r. What is the units digit of 10*2*g/(-12)?
5
Let h = 66 + -122. Let z be ((-3)/(-12) - 6/8)*66. Let f = z - h. What is the tens digit of f?
2
Let h = 478 + -478. Suppose h = 19*d - 1851 - 9720. What is the tens digit of d?
0
Suppose c + 6*j = 9*j - 7, 0 = -4*c - 4*j + 36. Suppose -2*a + 4*a + 4 = 0, -4334 = -4*v - c*a. What is the units digit of v?
6
Let z(t) = -t**2 - 13*t - 45. Let s be z(-6). Let a be 0/(6/2 - (-18)/s). Suppose -5*c + 7 + 3 = 0, a = -5*l - 2*c + 799. What is the units digit of l?
9
Let s be 11/(-2) - 8/(-16). Let t(n) = -77*n + 48. What is the units digit of t(s)?
3
Let h(y) = -4*y + 88. Let j be h(0). Let x = j + -92. Let p(m) = -3*m**3 - 2*m**2 - 2*m + 1. What is the hundreds digit of p(x)?
1
Suppose 5*a = t - 1325 + 64, -5*a + 1271 = t. What is the tens digit of (-4)/((-8)/t) + (-3 - -1)?
3
Suppose -128*k - 39118 + 316446 = -83888. What is the thousands digit of k?
2
Let w(x) be the third derivative of -x**4/6 + 91*x**3/6 + 4*x**2 - 21*x. What is the units digit of w(5)?
1
Let l = -30 - -32. Suppose -3*m = 3*p + 117, -p - 138 = 3*p - 2*m. What is the hundreds digit of (-5316)/p + l/6?
1
Suppose -5*c = 4*b + 25, 0*c - 4*c + 6 = -2*b. Let x be (-1 - c)*6/(-12). What is the units digit of 1*((1 - x) + 14)*1?
5
Suppose -z - 3*p = -60, -z + 5*p + 131 = z. Let k be 18/24 - z/(-12). What is the tens digit of -2*(-2)/(-24) + 295/k?
4
Let y(r) = r. Let t(d) = -d**2 + 16*d + 19. Suppose -2*p + 1 = 5. Let z(b) = p*y(b) + t(b). What is the units digit of z(15)?
4
Let t = 0 + 3. Suppose 4*x - 1337 = -3*n, -4 = t*n + n. Suppose -2*m = 3*m - x. What is the tens digit of m?
6
Suppose -2071*r + 2096*r - 39825 = 0. What is the thousands digit of r?
1
Suppose -64*v - 108160 = -2034428 - 4206148. What is the hundreds digit of v?
8
Let p(n) = 5*n**2 - 19*n - 54. Let y be (-159)/15 - (-2)/(-5). What is the hundreds digit of p(y)?
7
Let i(y) = -3*y**3 + 24*y**2 + 92*y - 49. What is the hundreds digit of i(-14)?
5
Let j(o) = -o**2 - o - 1. Let x(v) = -3*v**2 - 16*v - 47. Let p(l) = 2*j(l) - x(l). Let u be p(-8). What is the units digit of (1290/4)/u*(-116)/145?
6
Let g be (-3)/6 + (-86)/(-4) + -2. Suppose -20 = -j - g. What is the tens digit of (3 - 2)*j + -5 - -17?
1
Suppose 0*h - 3*h - 18 = 0. Let u(l) be the second derivative of l**4/6 - l**3 - 13*l**2/2 - 9965*l. What is the tens digit of u(h)?
9
Let w(m) = -191*m**3 - m**2 - m. Let z be w(-1). Let r = 7271 - 6877. Let y = r - z. What is the tens digit of y?
0
Let m be (48/40)/(6/10). Suppose -6*i = -m*i - 672. Suppose v = 7*v - i. What is the units digit of v?
8
Suppose 3*u + 10323 = 2*a, -44*a = -40*a - 2*u - 20634. What is the tens digit of a?
5
Suppose m + 4*m = 3*i - 3657, 5*i + 2*m - 6064 = 0. Let n = i + -280. What is the hundreds digit of n/8 + (-6)/(-24)?
1
Suppose -3390 = 127*w - 13804. Let o = -57 + -21. Let h = o + w. What is the units digit of h?
4
Let l(o) = -4*o + 30. Let j be l(8). Let n(t) = 83*t**2 + 2*t. What is the tens digit of n(j)?
2
What is the thousands digit of 0 + 1 - -646*(31 + 0)?
0
Let j(h) = 312*h - 1543. What is the tens digit of j(14)?
2
Let j = 6281 + -5632. What is the units digit of j?
9
Suppose -5*q - 28 = y - 6, 3*q + 2 = y. Let m(l) = l**2 + 5*l - 13. Let c be m(y). What is the units digit of c/((-196)/(-194) + -1)?
7
Let i(a) = 4*a + 10. Let c be i(0). Let l(n) = 58*n + 32*n - 9 - c*n - 23*n. What is the units digit of l(2)?
5
Let h(d) = d**2 - 8*d + 3300. What is the thousands digit of h(-76)?
9
Let p be (-77)/(-231) + (-38)/6. Let o(j) = -38*j + 40. What is the tens digit of o(p)?
6
Suppose -2*f - 306 + 102 = 0. Let s = 106 + f. What is the units digit of s?
4
Let o = 89 - 87. Suppose -333 = -o*f + t, 20*f = 16*f + 3*t + 661. What is the tens digit of f?
6
Suppose -5*u + 2*b + 34 = 0, 10*b - 6*b = 2*u - 20. Suppose 0 = -2*h + u*h - 764. What is the tens digit of h?
9
Suppose -1236 = 136*m - 139*m. Let c = m + -324. What is the units digit of c?
8
Suppose 19*a = -58*a + 870485. What is the thousands digit of a?
1
Let r be (-9 - (-3 + 3))/((-4)/68). Suppose -8*z - 33 = -r. What is the tens digit of z?
1
Let l be (18/(-12))/((-9)/60). Let j be (-38)/(-95) - (-116)/l. Suppose -17*z = -j*z - 425. What is the units digit of z?
5
Let c be (-2 + 22)*64/(-8). Let q = -82 - c. Suppose -a + q = 5*t + 27, 0 = -2*a + 5*t + 102. What is the units digit of a?
1
Let n(r) = -5*r**2 + 2*r + 8. Let i(x) = -8*x**2 - 2*x + 6 + 3*x + 1 + 4*x**2. Let p(l) = 7*i(l) - 6*n(l). What is the tens digit of p(-8)?
6
Let n(m) = 16*m + 192*m**2 + 0 + 1 - 2*m - 11*m. What is the units digit of n(-1)?
0
Let o = 256 + 38. Suppose -202 = 3*w + 19*x - 15*x, 20 = 4*x. Let r = o + w. What is the hundreds digit of r?
2
Let s(f) = f**3 - 7*f**2 + 3*f - 5. Let j be s(7). Suppose 0 = 3*k + 19 - 55. What is the tens digit of (-681)/k*j/(-4)?
2
Suppose -4*r - 4 = 4*f, 7 = -f + r + r. Let o(m) = -111*m + 12. What is the units digit of o(f)?
5
Suppose -s - 4*x = -7*x - 3, -x = -5. Let m = s + 25. Suppose m = -d + 75. What is the units digit of d?
2
Suppose -6 + 5 = -4*j - r, 0 = -3*j - 4*r - 9. What is the hundreds digit of ((-6)/6)/(j/(-599))?
5
Let m(b) = -5509*b - 1724. What is the tens digit of m(-3)?
0
Let b(i) be the first derivative of -2*i**3 + 75*i**2 + 3*i + 68. What is the hundreds digit of b(10)?
9
Suppose 93*v = 110*v - 37332. What is the thousands digit of v?
2
Suppose 966 = 7*i + 33*i - 9354. What is the tens digit of i?
5
Let i = -249 - 350. Let y = i - -1114. Let w = y - 367. What is the tens digit of w?
4
Let v(a) = a**2 - 8*a + 10. Let i be v(2). What is the units digit of -9*(5064/(-45) - i/10)?
1
Let i be (21/(-14))/((-3)/(-8) - 0). Let k be (1 - -11)*i*4/(-16). Suppose 0*s = k*s - 588. What is the tens digit of s?
4
Let x = 18815 + 5316. What is the tens digit of x?
3
Let p(x